ulate the remainder when z(-12) is divided by r.
3
Let x(c) = -c**2 - 7*c - 14. Let y be x(-4). Calculate the remainder when y/((-3)/(-810)*-4) is divided by 46.
43
Suppose -1 = 2*v - 39. Let k(z) = 3*z - 30. Let d be k(10). Suppose 5*w = -d*w + 180. Calculate the remainder when w is divided by v.
17
What is the remainder when 4/((-12)/(-9)) - -84 is divided by 28?
3
Let h = -163 - -473. Suppose -4*d = -n - h - 252, 4*d + 2714 = -5*n. Calculate the remainder when n/(-22) - (-4)/22 is divided by 13.
12
Let a(i) = 2*i**2 + 24*i - 4. Calculate the remainder when 113 is divided by a(-13).
3
Let m = 2250 - 2005. Calculate the remainder when m is divided by 41.
40
Suppose 2*a - 622 = -4*t, 0 = -28*a + 23*a - t + 1564. Calculate the remainder when a is divided by 16.
9
Let s(i) = -2*i**2 + 8*i + 13. Let q be s(6). Let z = 0 - q. Calculate the remainder when 19 is divided by z.
8
Let d(w) = 14*w**3 - w**2 - w + 1. Let f be d(1). Suppose f*y - 6*y = 49. What is the remainder when y is divided by 5?
2
Let i = -21 - -25. Suppose -2*k + 10 = v - 4, -i*k = -5*v - 42. What is the remainder when 15 is divided by k?
7
Suppose 5*s = -19 + 69. Suppose 0 = -r - 4, 3*j - s = 2*r + 34. Suppose 3*b + 3*o - 96 = 0, 5*b + 3*o = o + 169. Calculate the remainder when b is divided by j.
11
Calculate the remainder when 218 is divided by -4 - -21*(-4 - -5).
14
Let g(c) = -c**3 - 3*c**2 - 3*c. Let l be g(-2). Suppose f - 3*w = -l*f + 45, 2*f + w - 36 = 0. Calculate the remainder when f is divided by 7.
3
Suppose 5*c - 5*q = -0*q + 65, 2*q - 76 = -4*c. Let n = -8 + 38. What is the remainder when n is divided by c?
13
Let m = 990 - 671. Calculate the remainder when m is divided by 32.
31
Suppose 0 = -z + 8*z - 1169. Let h = -135 + z. What is the remainder when h is divided by 11?
10
Let o = 10 - 1. Calculate the remainder when 136 is divided by 255/o - 1/3.
24
Suppose -18 = k + 2*k. Calculate the remainder when (153/k)/(1/(-2)) is divided by (-124 - -142) + -3*1 + -2.
12
Let h be (-186)/(-12)*(-4)/6*3. Let s = h - -92. What is the remainder when s is divided by 13?
9
Suppose 0 = 2*b - 4*c + 9*c - 33, -3*b + 27 = 3*c. Suppose 3*s + 84 = 7*s + b*d, 3*s - 63 = -2*d. What is the remainder when 57 is divided by s?
15
Suppose -4*x + 5*n - 4*n = -721, 915 = 5*x - 4*n. Calculate the remainder when x is divided by 51.
26
Let a = 22 - 15. Suppose 0 = 9*x - 14*x + 100. Let s = x - -5. What is the remainder when s is divided by a?
4
Let q = -1710 - -1864. Calculate the remainder when q is divided by 78.
76
Let z(k) = -k**3 + k**2 - 1. Let n be z(1). Let w be -3 + 8 - 1 - -6. Let f = w + n. Calculate the remainder when f is divided by 4.
1
Let y(f) = 3*f**3 - 3*f**2 + 3*f - 3. Suppose 5*w + 52 = 37. What is the remainder when y(2) is divided by ((-36 - (w + -1))/(-2))/2?
7
Suppose 0 = 4*m - x - 152 + 993, 0 = 2*m - 4*x + 424. Calculate the remainder when 117 is divided by 60/m + (-424)/(-14).
27
Suppose -t = 2*t - 54. Calculate the remainder when 276/t + 4/6 is divided by 6.
4
Suppose 0 = 2*p - 4. Suppose -p*j - 3*j = -350. What is the remainder when j is divided by 18?
16
Let n = 392 - 378. What is the remainder when 62 is divided by n?
6
Let h be -4*(65/20 - 4). What is the remainder when 73 is divided by (16 + h)/(-4 - -5)?
16
Let x(p) = -2*p**3 - 7*p**2 + 6*p - 11. What is the remainder when x(-6) is divided by 14?
7
Suppose -4*a - 4*h = -56, 0 = 3*a - a + h - 31. Let n = 1815 - 1807. What is the remainder when a is divided by n?
1
Suppose 0 = 3*n - n + 6. What is the remainder when (-1 + 3)*1 + 29 is divided by (-1)/n - (-161)/21?
7
Suppose 3*d - 3*b = 183, 0 = -5*d - 7*b + 323 + 42. What is the remainder when 153 is divided by d?
21
Calculate the remainder when 6 + -7 + 194 + -8 is divided by 10.
5
Suppose 66 = 4*f + 3*p, 2*f - p = -3*p + 34. Suppose 4*y - 12 = 2*y. Suppose -2 - y = -o. What is the remainder when f is divided by o?
7
Let c = -450 - -473. Calculate the remainder when 214 is divided by c.
7
Suppose 16 = n - 28. Let k be (-3 + 17/5)*5. Suppose k*l - 9 = -s + 6, 0 = 4*s + l - 60. Calculate the remainder when n is divided by s.
14
Let r = -1 - -28. Let n = 6 - -9. What is the remainder when r is divided by (-10)/(-4)*42/n?
6
Let t = -1 - -13. Let p(y) = 3*y + 9. Suppose -15 = -5*r, z + 21 = 4*z - r. What is the remainder when p(z) is divided by t?
9
Let n = 821 - 817. Let u(o) = o - 1. Calculate the remainder when u(8) is divided by n.
3
Let y(c) be the first derivative of -c + 2. Let p(a) = a + 7. Let r(h) = p(h) + 2*y(h). What is the remainder when 23 is divided by r(7)?
11
Let a be (-1 + (-36)/(-20))/(4/(-40)). Calculate the remainder when 158 is divided by (-540)/8*a/10.
50
Let m(d) be the second derivative of -d**4/12 - 2*d**3 + 3*d**2/2 - 8*d. Let t be m(-12). What is the remainder when -4 - (-4 - 260)/t is divided by 17?
16
Let g = 11 - -12. Suppose 5 = -5*u + 155. Calculate the remainder when g is divided by 176/u - 10/(-75).
5
Let s(p) = -3*p + 25. Let l = -27 - -41. Calculate the remainder when s(0) is divided by l.
11
Suppose -3*v - 38 = -3*f + 25, -5*f - 4*v + 78 = 0. What is the remainder when 195 is divided by f?
15
Suppose 461 = 17*y - 253. Let p = 1 + 8. Calculate the remainder when y is divided by p.
6
Let x = -104 + 149. Calculate the remainder when 8/(-10) - (-100128)/560 is divided by x.
43
Suppose u = 2*k - 3*u - 360, -5*k + u + 900 = 0. Calculate the remainder when k is divided by 62.
56
Let d = 1733 - 666. Calculate the remainder when d is divided by 21.
17
Let t(n) = n**2 - n + 5*n - 2*n. Let s(k) = -k**2 - 2*k - 5. Let f be s(0). Calculate the remainder when t(f) is divided by 9.
6
Suppose 7*g + k = 4*g + 12, -2*g - 3*k = -15. Let u(p) = -20*p**2 + 8*p - 6. Let r be u(2). Let c = 74 + r. Calculate the remainder when c is divided by g.
1
Let h = 12 - -34. Let d(x) = -x**3 - 9*x**2 - 9*x - 5. Let t be d(-8). Suppose -t*j - h = -193. Calculate the remainder when j is divided by 25.
24
Suppose 0*n + 2*n = -5*r + 8, -3*r - 16 = -4*n. Suppose r = 8*s + 217 - 777. What is the remainder when s is divided by 18?
16
Let q = -26 + 57. Let f = q + -16. Calculate the remainder when f is divided by 3.
0
Suppose 2*g - 115 = 2*h + 79, 2*g - h = 199. What is the remainder when g is divided by 38?
26
Suppose 0 = 4*i + 3*j - 239, -j + 179 = 3*i + j. What is the remainder when 211 is divided by i?
34
Let w = 107 - 51. Suppose -3*v + 31 = -29. Calculate the remainder when w is divided by (-1*(-1 + v))/(-1).
18
Suppose -2*p + 134 = 2*w, -5*w + 0*w = p - 343. Let h(o) = o**2 + 10*o + 25. Calculate the remainder when w is divided by h(-11).
33
Let w = 217 + -174. Calculate the remainder when 128 is divided by w.
42
Let l(c) = -2*c**2 + 3*c + 3. Let h be l(6). Let s = h - -59. What is the remainder when 37 is divided by s?
5
Let g = 77 - 72. Suppose 28 = g*m - 2. What is the remainder when 15 is divided by m?
3
Let j = -883 - -917. Calculate the remainder when 231 is divided by j.
27
Suppose 319 = 4*w + 199. Let k(i) = -30*i - 1. Let c be (7/5 + -1)*-5. Calculate the remainder when k(c) is divided by w.
29
Let i be (19/(-7) - -3)*14. Suppose 0*g - 24 = -i*g. Suppose 47 = 3*p - 4*x, -5*p + 40 = -3*x - 42. What is the remainder when p is divided by g?
5
Let d be 4 + -1 - 7 - -9. What is the remainder when (-5)/(-25) - (-2 + (-284)/d) is divided by 4?
3
Let o be (-1 + -1 + 2)*1. Suppose o = -t + 2 + 14. Calculate the remainder when 29 is divided by t.
13
Let z(b) = 34*b - 361. What is the remainder when z(15) is divided by 22?
17
Let n be (2 + 26)/4 + -4 - -213. Suppose -n = -9*h + 5*h. What is the remainder when 161 is divided by h?
53
Let h(m) = -2*m**2 - 28*m - 35. Calculate the remainder when h(-11) is divided by 26.
5
Let k = 17 + -13. Let m be 1*(52/k + 3). Suppose 3*i - m = 20. What is the remainder when 33 is divided by i?
9
Suppose 3*f = 3*x - 114, -2*x - 4*f + 23 = -x. Suppose -14 = 62*k - 63*k. What is the remainder when x is divided by k?
7
Let d = 908 + -596. What is the remainder when 2/(-4)*-5*d/20 is divided by (-2)/(-3)*21/2?
4
Let a be ((-4)/(-16))/(3/(-12)). Let h(m) = 7*m**2 - m - 2. Let j be h(a). Suppose -q - 185 = -j*q. Calculate the remainder when q is divided by 10.
7
Suppose 3*a + 4*s + 11 = 76, 5*s = -2*a + 55. What is the remainder when 162